{"id":13,"date":"2020-01-20T16:59:43","date_gmt":"2020-01-20T16:59:43","guid":{"rendered":"http:\/\/leolindblom.fi\/kovesjoki\/?page_id=13"},"modified":"2020-04-03T13:27:18","modified_gmt":"2020-04-03T13:27:18","slug":"historiaa","status":"publish","type":"page","link":"https:\/\/leolindblom.fi\/kovesjoki\/historiaa\/","title":{"rendered":"Historiaa"},"content":{"rendered":"\t\t<div data-elementor-type=\"wp-page\" data-elementor-id=\"13\" class=\"elementor elementor-13\">\n\t\t\t\t\t\t<div class=\"elementor-inner\">\n\t\t\t\t<div class=\"elementor-section-wrap\">\n\t\t\t\t\t\t\t\t\t<section class=\"elementor-section elementor-top-section elementor-element elementor-element-0f628b6 elementor-section-boxed elementor-section-height-default elementor-section-height-default\" data-id=\"0f628b6\" data-element_type=\"section\">\n\t\t\t\t\t\t<div class=\"elementor-container elementor-column-gap-default\">\n\t\t\t\t\t\t\t<div class=\"elementor-row\">\n\t\t\t\t\t<div class=\"elementor-column elementor-col-66 elementor-top-column elementor-element elementor-element-2894257\" data-id=\"2894257\" data-element_type=\"column\">\n\t\t\t<div class=\"elementor-column-wrap elementor-element-populated\">\n\t\t\t\t\t\t\t<div class=\"elementor-widget-wrap\">\n\t\t\t\t\t\t<div class=\"elementor-element elementor-element-1ae1ba0 elementor-widget elementor-widget-image\" data-id=\"1ae1ba0\" data-element_type=\"widget\" data-widget_type=\"image.default\">\n\t\t\t\t<div class=\"elementor-widget-container\">\n\t\t\t\t\t\t\t\t<div class=\"elementor-image\">\n\t\t\t\t\t\t\t\t\t\t\t\t<img loading=\"lazy\" decoding=\"async\" width=\"1024\" height=\"712\" src=\"https:\/\/leolindblom.fi\/kovesjoki\/wp-content\/uploads\/2020\/01\/webharmaa350-1024x712.jpg\" class=\"attachment-large size-large wp-image-70\" alt=\"\" srcset=\"https:\/\/leolindblom.fi\/kovesjoki\/wp-content\/uploads\/2020\/01\/webharmaa350-1024x712.jpg 1024w, https:\/\/leolindblom.fi\/kovesjoki\/wp-content\/uploads\/2020\/01\/webharmaa350-300x209.jpg 300w, https:\/\/leolindblom.fi\/kovesjoki\/wp-content\/uploads\/2020\/01\/webharmaa350-768x534.jpg 768w, https:\/\/leolindblom.fi\/kovesjoki\/wp-content\/uploads\/2020\/01\/webharmaa350-1536x1068.jpg 1536w, https:\/\/leolindblom.fi\/kovesjoki\/wp-content\/uploads\/2020\/01\/webharmaa350.jpg 1920w\" sizes=\"auto, (max-width: 1024px) 100vw, 1024px\" \/>\t\t\t\t\t\t\t\t\t\t\t\t\t\t<\/div>\n\t\t\t\t\t\t<\/div>\n\t\t\t\t<\/div>\n\t\t\t\t\t\t<\/div>\n\t\t\t\t\t<\/div>\n\t\t<\/div>\n\t\t\t\t<div class=\"elementor-column elementor-col-33 elementor-top-column elementor-element elementor-element-a5968d6\" data-id=\"a5968d6\" data-element_type=\"column\">\n\t\t\t<div class=\"elementor-column-wrap elementor-element-populated\">\n\t\t\t\t\t\t\t<div class=\"elementor-widget-wrap\">\n\t\t\t\t\t\t<div class=\"elementor-element elementor-element-92a4a95 elementor-widget elementor-widget-text-editor\" data-id=\"92a4a95\" data-element_type=\"widget\" data-widget_type=\"text-editor.default\">\n\t\t\t\t<div class=\"elementor-widget-container\">\n\t\t\t\t\t\t\t\t<div class=\"elementor-text-editor elementor-clearfix\">\n\t\t\t\t<p><i>\u201dSeuran tarkoituksena on vuokraamillaan mailla harjoittaa mets\u00e4styst\u00e4 ja yll\u00e4pit\u00e4\u00e4 j\u00e4rkiper\u00e4ist\u00e4 riistanhoitoa. T\u00e4ss\u00e4 tarkoituksessa on yhdistyksen ennen kaikkea vartioitava aluetta salamets\u00e4stykselt\u00e4, v\u00e4hennett\u00e4v\u00e4 mahdollisuuksien mukaan vahinkoel\u00e4imi\u00e4, karkoittaa riistamailta kiertelev\u00e4t koirat ja kissat, kaadettava hy\u00f6tyriistaa ainoastaan mik\u00e4li kanta sen kulloinkin sallii, j\u00e4rjestett\u00e4v\u00e4 kovina talvina riistalle ruokintaa sek\u00e4 tarpeen vaatiessa huolehdittava sen lis\u00e4\u00e4ntymisest\u00e4.\u201d<br \/><\/i>(ote 21.11.1957 p\u00e4iv\u00e4tyist\u00e4 s\u00e4\u00e4nn\u00f6ist\u00e4)<\/p>\t\t\t\t\t<\/div>\n\t\t\t\t\t\t<\/div>\n\t\t\t\t<\/div>\n\t\t\t\t\t\t<\/div>\n\t\t\t\t\t<\/div>\n\t\t<\/div>\n\t\t\t\t\t\t\t\t<\/div>\n\t\t\t\t\t<\/div>\n\t\t<\/section>\n\t\t\t\t<section class=\"elementor-section elementor-top-section elementor-element elementor-element-62f2565 elementor-section-boxed elementor-section-height-default elementor-section-height-default\" data-id=\"62f2565\" data-element_type=\"section\">\n\t\t\t\t\t\t<div class=\"elementor-container elementor-column-gap-default\">\n\t\t\t\t\t\t\t<div class=\"elementor-row\">\n\t\t\t\t\t<div class=\"elementor-column elementor-col-33 elementor-top-column elementor-element elementor-element-bdecbc6\" data-id=\"bdecbc6\" data-element_type=\"column\">\n\t\t\t<div class=\"elementor-column-wrap elementor-element-populated\">\n\t\t\t\t\t\t\t<div class=\"elementor-widget-wrap\">\n\t\t\t\t\t\t<div class=\"elementor-element elementor-element-5a761e2 elementor-widget elementor-widget-text-editor\" data-id=\"5a761e2\" data-element_type=\"widget\" data-widget_type=\"text-editor.default\">\n\t\t\t\t<div class=\"elementor-widget-container\">\n\t\t\t\t\t\t\t\t<div class=\"elementor-text-editor elementor-clearfix\">\n\t\t\t\t<p><strong>Seura syntyy <\/strong><strong>Syd\u00e4nmaalle 1957<\/strong><br \/>Mets\u00e4stysseurojen perustaminen Suomessa kiihtyi 1900-luvun puoliv\u00e4liss\u00e4. Sodasta oli toivuttu ja hirvikanta maassa oli elpym\u00e4ss\u00e4. Hirvien mets\u00e4stys edellytti j\u00e4rjest\u00e4ytymist\u00e4, joka alkoi Parkanon Syd\u00e4nmaalla marraskuun 21. vuonna 1957 Toivo Isokallion tuvassa. Siell\u00e4 pidettiin Kovesjoen er\u00e4miesten perustava kokous.<br \/>Saapuvilla olivat Toivo Isokallio, Tauno Pentti, Kosti Kuivasto, Olavi Iivonen, Frans Niemi, V\u00e4in\u00f6 Kelkkasalo, Armas Multim\u00e4ki, Reino Uusiluoma, Frans Ihanam\u00e4ki, Martti Koskinen, Vilho Lehtonen, Eero M\u00e4kynen, Ville Iivonen ja Martti Kallioharju.<\/p>\t\t\t\t\t<\/div>\n\t\t\t\t\t\t<\/div>\n\t\t\t\t<\/div>\n\t\t\t\t\t\t<\/div>\n\t\t\t\t\t<\/div>\n\t\t<\/div>\n\t\t\t\t<div class=\"elementor-column elementor-col-33 elementor-top-column elementor-element elementor-element-aa0068a\" data-id=\"aa0068a\" data-element_type=\"column\">\n\t\t\t<div class=\"elementor-column-wrap elementor-element-populated\">\n\t\t\t\t\t\t\t<div class=\"elementor-widget-wrap\">\n\t\t\t\t\t\t<div class=\"elementor-element elementor-element-685e517 elementor-widget elementor-widget-text-editor\" data-id=\"685e517\" data-element_type=\"widget\" data-widget_type=\"text-editor.default\">\n\t\t\t\t<div class=\"elementor-widget-container\">\n\t\t\t\t\t\t\t\t<div class=\"elementor-text-editor elementor-clearfix\">\n\t\t\t\t<p><br \/>Riistanhoitoyhdistyksen johtokunnasta olivat mukana V\u00e4in\u00f6 Rytil\u00e4, joka toimi kokouksessa puheenjohtajana ja Lauri Tuomi, joka toimi sihteerin\u00e4.<br \/>Ensimm\u00e4iseen johtokuntaan valittiin Toivo Isokallio (puheenjohtaja), Tauno Pentti (sihteeri), Kosti Kuivasto, Olavi Iivonen, Frans Niemi ja V\u00e4in\u00f6 Kelkkasalo.<br \/>Helmikuun 25. vuonna 1958 p\u00e4iv\u00e4tty ilmoitus yhdistysrekisteriin tuli hyv\u00e4ksytyksi elokuun 11. vuonna 1958, josta alkaen seura on virallisesti toiminut rekister\u00f6ityneen\u00e4 yhdistyksen\u00e4.<\/p>\t\t\t\t\t<\/div>\n\t\t\t\t\t\t<\/div>\n\t\t\t\t<\/div>\n\t\t\t\t\t\t<\/div>\n\t\t\t\t\t<\/div>\n\t\t<\/div>\n\t\t\t\t<div class=\"elementor-column elementor-col-33 elementor-top-column elementor-element elementor-element-288c11b\" data-id=\"288c11b\" data-element_type=\"column\">\n\t\t\t<div class=\"elementor-column-wrap elementor-element-populated\">\n\t\t\t\t\t\t\t<div class=\"elementor-widget-wrap\">\n\t\t\t\t\t\t<div class=\"elementor-element elementor-element-d79fe5d elementor-widget elementor-widget-text-editor\" data-id=\"d79fe5d\" data-element_type=\"widget\" data-widget_type=\"text-editor.default\">\n\t\t\t\t<div class=\"elementor-widget-container\">\n\t\t\t\t\t\t\t\t<div class=\"elementor-text-editor elementor-clearfix\">\n\t\t\t\t<p><strong>Raivala mukaan 1962<\/strong><br \/>Aluksi seuran nimeksi oli haviteltu Syd\u00e4nmaan mets\u00e4stysseuraa mutta nimi oli varattu, jolloin p\u00e4\u00e4dyttiin nykyiseen nimeen. T\u00e4m\u00e4 koitui onneksi nelj\u00e4 vuotta my\u00f6hemmin 1962, kun toimintaan liittyi j\u00e4seni\u00e4 Raivalan kyl\u00e4st\u00e4 ja Kovesjoen Er\u00e4miehet kuvasi oikein hyvin uutta kokonaisuutta. Kokouksessa 4.3. 1962 Raivalan mukaantulo virallistettiin ja seuraan hyv\u00e4ksyttiin aluksi mukaan Leevi Alarautalahti, Pekka Piilola, V\u00e4in\u00f6 ja Tapio Viinam\u00e4ki. Raivalan tultua mukaan mets\u00e4stysalue kasvoi 3000 hehtaarilla ylt\u00e4en 13500 hehtaariin (suurimmillaan alue on ollut 14500 ha vuonna 1974).<\/p>\t\t\t\t\t<\/div>\n\t\t\t\t\t\t<\/div>\n\t\t\t\t<\/div>\n\t\t\t\t\t\t<\/div>\n\t\t\t\t\t<\/div>\n\t\t<\/div>\n\t\t\t\t\t\t\t\t<\/div>\n\t\t\t\t\t<\/div>\n\t\t<\/section>\n\t\t\t\t\t\t\t\t\t<\/div>\n\t\t\t<\/div>\n\t\t\t\t\t<\/div>\n\t\t","protected":false},"excerpt":{"rendered":"<p>\u201dSeuran tarkoituksena on vuokraamillaan mailla harjoittaa mets\u00e4styst\u00e4 ja yll\u00e4pit\u00e4\u00e4 j\u00e4rkiper\u00e4ist\u00e4 riistanhoitoa. T\u00e4ss\u00e4 tarkoituksessa on yhdistyksen ennen kaikkea vartioitava aluetta salamets\u00e4stykselt\u00e4, v\u00e4hennett\u00e4v\u00e4 mahdollisuuksien mukaan vahinkoel\u00e4imi\u00e4, karkoittaa riistamailta kiertelev\u00e4t koirat ja kissat, kaadettava hy\u00f6tyriistaa ainoastaan mik\u00e4li kanta sen kulloinkin sallii, j\u00e4rjestett\u00e4v\u00e4 kovina talvina riistalle ruokintaa sek\u00e4 tarpeen vaatiessa huolehdittava sen lis\u00e4\u00e4ntymisest\u00e4.\u201d(ote 21.11.1957 p\u00e4iv\u00e4tyist\u00e4 s\u00e4\u00e4nn\u00f6ist\u00e4) Seura syntyy Syd\u00e4nmaalle [&hellip;]<\/p>\n","protected":false},"author":1,"featured_media":0,"parent":0,"menu_order":0,"comment_status":"closed","ping_status":"closed","template":"","meta":{"ocean_post_layout":"full-width","ocean_both_sidebars_style":"","ocean_both_sidebars_content_width":0,"ocean_both_sidebars_sidebars_width":0,"ocean_sidebar":"0","ocean_second_sidebar":"0","ocean_disable_margins":"enable","ocean_add_body_class":"","ocean_shortcode_before_top_bar":"","ocean_shortcode_after_top_bar":"","ocean_shortcode_before_header":"","ocean_shortcode_after_header":"","ocean_has_shortcode":"","ocean_shortcode_after_title":"","ocean_shortcode_before_footer_widgets":"","ocean_shortcode_after_footer_widgets":"","ocean_shortcode_before_footer_bottom":"","ocean_shortcode_after_footer_bottom":"","ocean_display_top_bar":"default","ocean_display_header":"default","ocean_header_style":"","ocean_center_header_left_menu":"0","ocean_custom_header_template":"0","ocean_custom_logo":0,"ocean_custom_retina_logo":0,"ocean_custom_logo_max_width":0,"ocean_custom_logo_tablet_max_width":0,"ocean_custom_logo_mobile_max_width":0,"ocean_custom_logo_max_height":0,"ocean_custom_logo_tablet_max_height":0,"ocean_custom_logo_mobile_max_height":0,"ocean_header_custom_menu":"0","ocean_menu_typo_font_family":"0","ocean_menu_typo_font_subset":"","ocean_menu_typo_font_size":0,"ocean_menu_typo_font_size_tablet":0,"ocean_menu_typo_font_size_mobile":0,"ocean_menu_typo_font_size_unit":"px","ocean_menu_typo_font_weight":"","ocean_menu_typo_font_weight_tablet":"","ocean_menu_typo_font_weight_mobile":"","ocean_menu_typo_transform":"","ocean_menu_typo_transform_tablet":"","ocean_menu_typo_transform_mobile":"","ocean_menu_typo_line_height":0,"ocean_menu_typo_line_height_tablet":0,"ocean_menu_typo_line_height_mobile":0,"ocean_menu_typo_line_height_unit":"","ocean_menu_typo_spacing":0,"ocean_menu_typo_spacing_tablet":0,"ocean_menu_typo_spacing_mobile":0,"ocean_menu_typo_spacing_unit":"","ocean_menu_link_color":"","ocean_menu_link_color_hover":"","ocean_menu_link_color_active":"","ocean_menu_link_background":"","ocean_menu_link_hover_background":"","ocean_menu_link_active_background":"","ocean_menu_social_links_bg":"","ocean_menu_social_hover_links_bg":"","ocean_menu_social_links_color":"","ocean_menu_social_hover_links_color":"","ocean_disable_title":"default","ocean_disable_heading":"default","ocean_post_title":"","ocean_post_subheading":"","ocean_post_title_style":"","ocean_post_title_background_color":"","ocean_post_title_background":0,"ocean_post_title_bg_image_position":"","ocean_post_title_bg_image_attachment":"","ocean_post_title_bg_image_repeat":"","ocean_post_title_bg_image_size":"","ocean_post_title_height":0,"ocean_post_title_bg_overlay":0.5,"ocean_post_title_bg_overlay_color":"","ocean_disable_breadcrumbs":"default","ocean_breadcrumbs_color":"","ocean_breadcrumbs_separator_color":"","ocean_breadcrumbs_links_color":"","ocean_breadcrumbs_links_hover_color":"","ocean_display_footer_widgets":"default","ocean_display_footer_bottom":"default","ocean_custom_footer_template":"0","footnotes":""},"class_list":["post-13","page","type-page","status-publish","hentry","entry"],"_links":{"self":[{"href":"https:\/\/leolindblom.fi\/kovesjoki\/wp-json\/wp\/v2\/pages\/13","targetHints":{"allow":["GET"]}}],"collection":[{"href":"https:\/\/leolindblom.fi\/kovesjoki\/wp-json\/wp\/v2\/pages"}],"about":[{"href":"https:\/\/leolindblom.fi\/kovesjoki\/wp-json\/wp\/v2\/types\/page"}],"author":[{"embeddable":true,"href":"https:\/\/leolindblom.fi\/kovesjoki\/wp-json\/wp\/v2\/users\/1"}],"replies":[{"embeddable":true,"href":"https:\/\/leolindblom.fi\/kovesjoki\/wp-json\/wp\/v2\/comments?post=13"}],"version-history":[{"count":24,"href":"https:\/\/leolindblom.fi\/kovesjoki\/wp-json\/wp\/v2\/pages\/13\/revisions"}],"predecessor-version":[{"id":550,"href":"https:\/\/leolindblom.fi\/kovesjoki\/wp-json\/wp\/v2\/pages\/13\/revisions\/550"}],"wp:attachment":[{"href":"https:\/\/leolindblom.fi\/kovesjoki\/wp-json\/wp\/v2\/media?parent=13"}],"curies":[{"name":"wp","href":"https:\/\/api.w.org\/{rel}","templated":true}]}}