{"id":21,"date":"2020-01-20T17:03:18","date_gmt":"2020-01-20T17:03:18","guid":{"rendered":"http:\/\/leolindblom.fi\/kovesjoki\/?page_id=21"},"modified":"2020-11-29T11:29:10","modified_gmt":"2020-11-29T11:29:10","slug":"metsastysta-parkanon-lansilaidalla-vuodesta-1958","status":"publish","type":"page","link":"https:\/\/leolindblom.fi\/kovesjoki\/","title":{"rendered":"Mets\u00e4styst\u00e4 Parkanon l\u00e4nsilaidalla vuodesta 1958"},"content":{"rendered":"\t\t<div data-elementor-type=\"wp-page\" data-elementor-id=\"21\" class=\"elementor elementor-21\">\n\t\t\t\t\t\t<div class=\"elementor-inner\">\n\t\t\t\t<div class=\"elementor-section-wrap\">\n\t\t\t\t\t\t\t\t\t<section class=\"elementor-section elementor-top-section elementor-element elementor-element-10085bb elementor-section-boxed elementor-section-height-default elementor-section-height-default\" data-id=\"10085bb\" data-element_type=\"section\">\n\t\t\t\t\t\t<div class=\"elementor-container elementor-column-gap-default\">\n\t\t\t\t\t\t\t<div class=\"elementor-row\">\n\t\t\t\t\t<div class=\"elementor-column elementor-col-100 elementor-top-column elementor-element elementor-element-8eaffac\" data-id=\"8eaffac\" data-element_type=\"column\">\n\t\t\t<div class=\"elementor-column-wrap elementor-element-populated\">\n\t\t\t\t\t\t\t<div class=\"elementor-widget-wrap\">\n\t\t\t\t\t\t<div class=\"elementor-element elementor-element-c5e8e33 elementor-widget elementor-widget-image\" data-id=\"c5e8e33\" data-element_type=\"widget\" data-widget_type=\"image.default\">\n\t\t\t\t<div class=\"elementor-widget-container\">\n\t\t\t\t\t\t\t\t<div class=\"elementor-image\">\n\t\t\t\t\t\t\t\t\t\t\t\t<img loading=\"lazy\" decoding=\"async\" width=\"1024\" height=\"736\" src=\"https:\/\/leolindblom.fi\/kovesjoki\/wp-content\/uploads\/2020\/01\/kokoporukka-1024x736.jpg\" class=\"attachment-large size-large wp-image-401\" alt=\"\" srcset=\"https:\/\/leolindblom.fi\/kovesjoki\/wp-content\/uploads\/2020\/01\/kokoporukka-1024x736.jpg 1024w, https:\/\/leolindblom.fi\/kovesjoki\/wp-content\/uploads\/2020\/01\/kokoporukka-300x216.jpg 300w, https:\/\/leolindblom.fi\/kovesjoki\/wp-content\/uploads\/2020\/01\/kokoporukka-768x552.jpg 768w, https:\/\/leolindblom.fi\/kovesjoki\/wp-content\/uploads\/2020\/01\/kokoporukka.jpg 1200w\" sizes=\"auto, (max-width: 1024px) 100vw, 1024px\" \/>\t\t\t\t\t\t\t\t\t\t\t\t\t\t<\/div>\n\t\t\t\t\t\t<\/div>\n\t\t\t\t<\/div>\n\t\t\t\t\t\t<\/div>\n\t\t\t\t\t<\/div>\n\t\t<\/div>\n\t\t\t\t\t\t\t\t<\/div>\n\t\t\t\t\t<\/div>\n\t\t<\/section>\n\t\t\t\t<section class=\"elementor-section elementor-top-section elementor-element elementor-element-70d32ea elementor-section-boxed elementor-section-height-default elementor-section-height-default\" data-id=\"70d32ea\" data-element_type=\"section\">\n\t\t\t\t\t\t<div class=\"elementor-container elementor-column-gap-default\">\n\t\t\t\t\t\t\t<div class=\"elementor-row\">\n\t\t\t\t\t<div class=\"elementor-column elementor-col-100 elementor-top-column elementor-element elementor-element-2df2500\" data-id=\"2df2500\" data-element_type=\"column\">\n\t\t\t<div class=\"elementor-column-wrap elementor-element-populated\">\n\t\t\t\t\t\t\t<div class=\"elementor-widget-wrap\">\n\t\t\t\t\t\t<section class=\"elementor-section elementor-inner-section elementor-element elementor-element-0722318 elementor-section-boxed elementor-section-height-default elementor-section-height-default\" data-id=\"0722318\" data-element_type=\"section\">\n\t\t\t\t\t\t<div class=\"elementor-container elementor-column-gap-default\">\n\t\t\t\t\t\t\t<div class=\"elementor-row\">\n\t\t\t\t\t<div class=\"elementor-column elementor-col-50 elementor-inner-column elementor-element elementor-element-d58aa80\" data-id=\"d58aa80\" data-element_type=\"column\">\n\t\t\t<div class=\"elementor-column-wrap elementor-element-populated\">\n\t\t\t\t\t\t\t<div class=\"elementor-widget-wrap\">\n\t\t\t\t\t\t<div class=\"elementor-element elementor-element-bab48d9 elementor-widget elementor-widget-text-editor\" data-id=\"bab48d9\" data-element_type=\"widget\" data-widget_type=\"text-editor.default\">\n\t\t\t\t<div class=\"elementor-widget-container\">\n\t\t\t\t\t\t\t\t<div class=\"elementor-text-editor elementor-clearfix\">\n\t\t\t\t<p>N\u00e4ill\u00e4 sivuilla kuvataan Kovesjoen Er\u00e4miesten toimintaa hirvimiesten n\u00e4k\u00f6kulmasta. Perusteluksi k\u00e4y, ett\u00e4 juuri hirviel\u00e4inten pyynti edellytt\u00e4\u00e4 sosiaalista, j\u00e4rjest\u00e4ytynytt\u00e4 mets\u00e4styst\u00e4 \u2013 seuratoimintaa, jossa mets\u00e4styksen tueksi tarvitaan joukon voimaa. Hirvijahti on seuran toiminnassa kaikkein n\u00e4kyvin mets\u00e4styksen muoto. Yhteys maanomistajiin toteutuu hirvipeijaisten puitteissa.<\/p><p>Muun riistan pyynti on perinteisesti itsen\u00e4ist\u00e4 puuhastelua. Siin\u00e4 ei joukkovoimaa tarvita. Mets\u00e4mies rauhoittuu omiin ajatuksiin ja tekee havaintoja yksin luonnossa. Kuulee teerien kukerruksen. Ihastelee repultansa, kun ajokoira kiritt\u00e4\u00e4 j\u00e4nist\u00e4 ja haukku kaikuu m\u00e4ntyjen rungoista.<\/p>\t\t\t\t\t<\/div>\n\t\t\t\t\t\t<\/div>\n\t\t\t\t<\/div>\n\t\t\t\t\t\t<\/div>\n\t\t\t\t\t<\/div>\n\t\t<\/div>\n\t\t\t\t<div class=\"elementor-column elementor-col-50 elementor-inner-column elementor-element elementor-element-8e5dcd2\" data-id=\"8e5dcd2\" data-element_type=\"column\">\n\t\t\t<div class=\"elementor-column-wrap elementor-element-populated\">\n\t\t\t\t\t\t\t<div class=\"elementor-widget-wrap\">\n\t\t\t\t\t\t<div class=\"elementor-element elementor-element-98720fb elementor-widget elementor-widget-text-editor\" data-id=\"98720fb\" data-element_type=\"widget\" data-widget_type=\"text-editor.default\">\n\t\t\t\t<div class=\"elementor-widget-container\">\n\t\t\t\t\t\t\t\t<div class=\"elementor-text-editor elementor-clearfix\">\n\t\t\t\t<p>Harrastuksellamme on monia muotoja mutta kaikissa niiss\u00e4 mets\u00e4stys tarjoaa ikiaikaisen mallin nauttia luonnosta. Seura takaa harrastuksen jatkuvuuden ja mahdollisuudet mets\u00e4el\u00e4myksiin vastakin.<\/p><p>Toiminta keskittyy huolehtimaan riistakannoista j\u00e4rkevin hoitotoimin ja rajoituksin. Haittael\u00e4inten torjunta on jatkossakin seuran ydintavoitteita.<\/p><p>Vastuullinen liikkuminen metsiss\u00e4 ja ymp\u00e4rist\u00f6n arvostaminen on jokaiselle j\u00e4senelle itsest\u00e4\u00e4nselvyys. Heill\u00e4 on vahvat siteet alueeseen. Kanssaihmisten omaisuutta kunnioitetaan ja seura pit\u00e4\u00e4 t\u00e4rke\u00e4n\u00e4 vaalia suhteitaan maanomistajiin.<\/p>\t\t\t\t\t<\/div>\n\t\t\t\t\t\t<\/div>\n\t\t\t\t<\/div>\n\t\t\t\t\t\t<\/div>\n\t\t\t\t\t<\/div>\n\t\t<\/div>\n\t\t\t\t\t\t\t\t<\/div>\n\t\t\t\t\t<\/div>\n\t\t<\/section>\n\t\t\t\t\t\t<\/div>\n\t\t\t\t\t<\/div>\n\t\t<\/div>\n\t\t\t\t\t\t\t\t<\/div>\n\t\t\t\t\t<\/div>\n\t\t<\/section>\n\t\t\t\t\t\t\t\t\t<\/div>\n\t\t\t<\/div>\n\t\t\t\t\t<\/div>\n\t\t","protected":false},"excerpt":{"rendered":"<p>N\u00e4ill\u00e4 sivuilla kuvataan Kovesjoen Er\u00e4miesten toimintaa hirvimiesten n\u00e4k\u00f6kulmasta. Perusteluksi k\u00e4y, ett\u00e4 juuri hirviel\u00e4inten pyynti edellytt\u00e4\u00e4 sosiaalista, j\u00e4rjest\u00e4ytynytt\u00e4 mets\u00e4styst\u00e4 \u2013 seuratoimintaa, jossa mets\u00e4styksen tueksi tarvitaan joukon voimaa. Hirvijahti on seuran toiminnassa kaikkein n\u00e4kyvin mets\u00e4styksen muoto. Yhteys maanomistajiin toteutuu hirvipeijaisten puitteissa. Muun riistan pyynti on perinteisesti itsen\u00e4ist\u00e4 puuhastelua. Siin\u00e4 ei joukkovoimaa tarvita. Mets\u00e4mies rauhoittuu omiin ajatuksiin ja [&hellip;]<\/p>\n","protected":false},"author":1,"featured_media":0,"parent":0,"menu_order":0,"comment_status":"closed","ping_status":"closed","template":"","meta":{"ocean_post_layout":"right-sidebar","ocean_both_sidebars_style":"","ocean_both_sidebars_content_width":0,"ocean_both_sidebars_sidebars_width":0,"ocean_sidebar":"0","ocean_second_sidebar":"0","ocean_disable_margins":"enable","ocean_add_body_class":"","ocean_shortcode_before_top_bar":"","ocean_shortcode_after_top_bar":"","ocean_shortcode_before_header":"","ocean_shortcode_after_header":"","ocean_has_shortcode":"","ocean_shortcode_after_title":"","ocean_shortcode_before_footer_widgets":"","ocean_shortcode_after_footer_widgets":"","ocean_shortcode_before_footer_bottom":"","ocean_shortcode_after_footer_bottom":"","ocean_display_top_bar":"default","ocean_display_header":"default","ocean_header_style":"","ocean_center_header_left_menu":"0","ocean_custom_header_template":"0","ocean_custom_logo":0,"ocean_custom_retina_logo":0,"ocean_custom_logo_max_width":0,"ocean_custom_logo_tablet_max_width":0,"ocean_custom_logo_mobile_max_width":0,"ocean_custom_logo_max_height":0,"ocean_custom_logo_tablet_max_height":0,"ocean_custom_logo_mobile_max_height":0,"ocean_header_custom_menu":"0","ocean_menu_typo_font_family":"0","ocean_menu_typo_font_subset":"","ocean_menu_typo_font_size":0,"ocean_menu_typo_font_size_tablet":0,"ocean_menu_typo_font_size_mobile":0,"ocean_menu_typo_font_size_unit":"px","ocean_menu_typo_font_weight":"","ocean_menu_typo_font_weight_tablet":"","ocean_menu_typo_font_weight_mobile":"","ocean_menu_typo_transform":"","ocean_menu_typo_transform_tablet":"","ocean_menu_typo_transform_mobile":"","ocean_menu_typo_line_height":0,"ocean_menu_typo_line_height_tablet":0,"ocean_menu_typo_line_height_mobile":0,"ocean_menu_typo_line_height_unit":"","ocean_menu_typo_spacing":0,"ocean_menu_typo_spacing_tablet":0,"ocean_menu_typo_spacing_mobile":0,"ocean_menu_typo_spacing_unit":"","ocean_menu_link_color":"","ocean_menu_link_color_hover":"","ocean_menu_link_color_active":"","ocean_menu_link_background":"","ocean_menu_link_hover_background":"","ocean_menu_link_active_background":"","ocean_menu_social_links_bg":"","ocean_menu_social_hover_links_bg":"","ocean_menu_social_links_color":"","ocean_menu_social_hover_links_color":"","ocean_disable_title":"default","ocean_disable_heading":"default","ocean_post_title":"","ocean_post_subheading":"","ocean_post_title_style":"","ocean_post_title_background_color":"","ocean_post_title_background":0,"ocean_post_title_bg_image_position":"","ocean_post_title_bg_image_attachment":"","ocean_post_title_bg_image_repeat":"","ocean_post_title_bg_image_size":"","ocean_post_title_height":0,"ocean_post_title_bg_overlay":0.5,"ocean_post_title_bg_overlay_color":"","ocean_disable_breadcrumbs":"default","ocean_breadcrumbs_color":"","ocean_breadcrumbs_separator_color":"","ocean_breadcrumbs_links_color":"","ocean_breadcrumbs_links_hover_color":"","ocean_display_footer_widgets":"default","ocean_display_footer_bottom":"default","ocean_custom_footer_template":"0","footnotes":""},"class_list":["post-21","page","type-page","status-publish","hentry","entry"],"_links":{"self":[{"href":"https:\/\/leolindblom.fi\/kovesjoki\/wp-json\/wp\/v2\/pages\/21","targetHints":{"allow":["GET"]}}],"collection":[{"href":"https:\/\/leolindblom.fi\/kovesjoki\/wp-json\/wp\/v2\/pages"}],"about":[{"href":"https:\/\/leolindblom.fi\/kovesjoki\/wp-json\/wp\/v2\/types\/page"}],"author":[{"embeddable":true,"href":"https:\/\/leolindblom.fi\/kovesjoki\/wp-json\/wp\/v2\/users\/1"}],"replies":[{"embeddable":true,"href":"https:\/\/leolindblom.fi\/kovesjoki\/wp-json\/wp\/v2\/comments?post=21"}],"version-history":[{"count":21,"href":"https:\/\/leolindblom.fi\/kovesjoki\/wp-json\/wp\/v2\/pages\/21\/revisions"}],"predecessor-version":[{"id":415,"href":"https:\/\/leolindblom.fi\/kovesjoki\/wp-json\/wp\/v2\/pages\/21\/revisions\/415"}],"wp:attachment":[{"href":"https:\/\/leolindblom.fi\/kovesjoki\/wp-json\/wp\/v2\/media?parent=21"}],"curies":[{"name":"wp","href":"https:\/\/api.w.org\/{rel}","templated":true}]}}